Suppose 30 = 5*j - r*j. What is the remainder when j is divided by o(-2)?
8
Let a(p) = -p**3 + 3*p**2 + 2. Let x be a(3). Let h be -14*2/(x/(-1)). Suppose -3*s + 2*s + h = 0. Calculate the remainder when 26 is divided by s.
12
Suppose 5*r = 3*r + 72. What is the remainder when 106 is divided by r?
34
Let h = 106 + -80. Calculate the remainder when 74 is divided by h.
22
Let f = 34 + -19. Suppose 3*k = 72 + 12. Calculate the remainder when k is divided by f.
13
Let y(x) = -11*x - 43. Let s(n) = 4*n + 14. Let w(z) = -8*s(z) - 3*y(z). Let g = 0 - -16. Calculate the remainder when g is divided by w(-8).
7
Let g(r) be the first derivative of r**3/3 - 5*r**2/2 - 6*r + 2. What is the remainder when g(-5) is divided by 23?
21
Suppose 0 = 2*n + 3*i - 44, 0 = 2*i - 5*i - 6. Calculate the remainder when 99 is divided by n.
24
Let l = -12 + 8. Let w(r) = r**2 + 2*r - 5. Let f be w(l). Suppose 42 = -p + 6*p - f*h, -5*h - 4 = -p. Calculate the remainder when 16 is divided by p.
7
Let i(f) = f**2 + f - 2. Let t = 168 - 106. Let x = t + -10. Calculate the remainder when x is divided by i(-5).
16
Suppose -s - 3 = -13. What is the remainder when 12 is divided by s?
2
Suppose 0 = r + 3*r - 120. Calculate the remainder when r is divided by (-44)/(-6)*3/2.
8
Let o(h) = -h + 7. Let l be o(4). Let n = l - -18. What is the remainder when 40 is divided by n?
19
Let n = -2 - -7. Suppose -r - 26 = -2*l - 0*r, -3*r + 62 = 4*l. What is the remainder when l is divided by n?
4
Let t be (-6)/4*(-16)/(-12). Let z be 2/(4/15)*t. Calculate the remainder when (-2)/(1 + 1) - z is divided by 8.
6
Suppose -t + 20 = 4*t. Suppose 70 = t*f + 22. Calculate the remainder when 35 is divided by f.
11
Suppose o + 3 = 0, -w - o = -3*w + 5. Suppose -y + 6 = 4. Calculate the remainder when y is divided by w.
0
Let d(t) = t - 6. Let u be d(6). Suppose u = 2*m - 2*h + 7*h - 64, -4*m - 4*h + 140 = 0. What is the remainder when m is divided by -2 + 1 - (-5 - 9)?
11
Let l(q) = q**3 + 2*q**2 - 5*q - 3. Let z be l(-3). Suppose 4*p - 2 = z*p. Let i = 7 - 5. Calculate the remainder when p is divided by i.
0
Let v(r) = 4*r**2 + 1. Suppose 0 = a + 2 + 1. Let h be v(a). Let s = h + -17. What is the remainder when 58 is divided by s?
18
Suppose 20 = 5*h, 5*u + 0*h + 2*h - 203 = 0. Calculate the remainder when u is divided by 20.
19
Let a = 6 + -53. Let o = -25 - a. Calculate the remainder when 63 is divided by o.
19
Let b = -75 + 112. Calculate the remainder when 108 is divided by b.
34
Suppose 0 = -4*h - 9 + 225. Calculate the remainder when h is divided by 19.
16
Suppose -4*n + 2*c - 4 = -c, 0 = -2*n - 5*c + 24. Suppose 0 = 3*l, -n*u + l + 8 = 4. What is the remainder when (-1 - 5)/(-7 - -5) is divided by u?
1
Let h be (-2)/7 + (-48)/(-21). Suppose -7 = -b - 2*a, -h*a + 6 = -2*b - 4. Let x = b + 2. Calculate the remainder when x is divided by 1.
0
Suppose 41 + 21 = 2*c. Let r = -17 + c. What is the remainder when 39 is divided by r?
11
Let l(z) = -z**3 - 10*z**2 + 11*z + 10. What is the remainder when 17 is divided by l(-11)?
7
Suppose 5*j + 2*b + 280 = 4*j, -292 = j - 2*b. Let i(w) = -w**2 + 23*w - 45. Calculate the remainder when 4/10 + j/(-10) is divided by i(20).
14
Let h(z) = 3*z - 3. Let l be h(-3). Let r = 22 + l. What is the remainder when r is divided by 6?
4
Suppose -3 = z - 5. Suppose 36 = -v - 4*l + 3*l, -v = -z*l + 27. Let p = 59 + v. Calculate the remainder when p is divided by 14.
12
Let q be (-70)/9 - 2/9. Suppose 49 = 3*r - b, 5*r + b + 24 - 103 = 0. What is the remainder when (-2)/q + (-748)/(-16) is divided by r?
15
Suppose 0 = 4*q - 13 + 49. Suppose -3*w = -w + 10. Let o = w - q. What is the remainder when 11 is divided by o?
3
Suppose -3*c + 36 = -0*c. Calculate the remainder when (-1 + 5)/(c/174) is divided by 10.
8
Suppose -4*h + 3*s + 165 + 168 = 0, 0 = 4*h + 2*s - 318. Calculate the remainder when h is divided by 21.
18
Let k = 15 + -5. Let i = -99 - -118. Calculate the remainder when i is divided by k.
9
Let f be (-1)/5 - (-22)/10. Suppose -d - 125 = -6*d. What is the remainder when d is divided by (1 - f)*-14*1?
11
What is the remainder when 38*12/(-16)*-2 is divided by 15?
12
Let s(i) = -i**2 + 2*i + 2. Let o be s(2). Let r = 49 + -31. Calculate the remainder when ((-130)/(-15))/(o/12) is divided by r.
16
Let q = -26 - -60. Let i = 11 - 3. Suppose -p = -i - 10. Calculate the remainder when q is divided by p.
16
Let a(v) = -v - 12. Let l be a(-9). Let r(u) = 2*u - 4. Let t be r(l). Let m = -5 - t. What is the remainder when 14 is divided by m?
4
Let w = -15 + 37. Suppose -2*v = -48 - w. Calculate the remainder when v is divided by 12.
11
Let s(x) = -x**3 - 10*x**2 - 10*x - 12. Let o be s(-9). Let y(l) = l**2 - l - 1. Suppose 0 = 4*t + 4 - 84. What is the remainder when t is divided by y(o)?
9
What is the remainder when 4/(-6) - (-835)/15 is divided by 14?
13
What is the remainder when 101 is divided by (-1)/8 - (-3255)/120?
20
Let s = -49 + 35. Let x = -6 - s. Calculate the remainder when x is divided by 3.
2
Suppose 5*q - 2 - 8 = 0. Suppose 0*p = 5*n - q*p - 72, p - 4 = 0. What is the remainder when 62 is divided by n?
14
Suppose -2*l - 14 = 4*d, 2*d + 10 = -2*l + 4*l. Let x = l - -16. Calculate the remainder when x is divided by 9.
8
Let h = -107 - -185. Calculate the remainder when h is divided by 20.
18
Suppose 0*f - 3 = -f. Suppose 0 = 3*g + 3*u - 75, -f*u = -3*g - 8*u + 77. Let x = 44 + -31. What is the remainder when g is divided by x?
11
Let f = 45 - 25. Let y = f - 41. Let q = y - -33. What is the remainder when 34 is divided by q?
10
Let x(k) = k**2 + 1. Let d be x(1). Let m(o) = 2*o**3 - 2*o**2 + 3*o - 1. What is the remainder when m(d) is divided by 5?
3
Suppose -15 = 5*l - 10*l. Suppose -f - c = 38, -f - 3*c - 154 = 3*f. What is the remainder when 1/3 + f/(-6) is divided by l?
1
Suppose 12 = 3*f - p, 3*f - 3 = 4*p - 0. Let y(q) = q**3 - 4*q**2 - 3*q - 6. Let a be y(f). Calculate the remainder when 47 is divided by -3*a*12/(-9).
15
Let d(z) = z + 4. Let y be d(-3). Let s(n) = 7*n**2 + 3 - 5*n**2 - 3*n - y. Calculate the remainder when 31 is divided by s(3).
9
Let d(p) = -p**2 - 5*p + 1. Let j = 12 + -16. Calculate the remainder when 8 is divided by d(j).
3
Suppose 2*n = 4*n + 6. Let s be -3*(n/3)/1. Suppose -14 - 40 = -s*a. What is the remainder when 34 is divided by a?
16
Suppose -2*s - 1 = 5*d, 2*d - 5 + 0 = s. Calculate the remainder when 13 is divided by 100/15 + (-1)/s.
6
Let f(h) = -5 + h**2 + 2*h + 0*h**2 + 0*h + 2. Let d be f(-8). Suppose 5*x - 3*x + 3*k = 38, -5*x = -5*k - d. Calculate the remainder when 38 is divided by x.
12
What is the remainder when 34 is divided by 3 + -3 + (9 - -3)?
10
Let x = 14 - 9. Suppose 0 = x*y - 2 - 8. Suppose -8 = -i + 3*n, -14 = -i - 2*i - n. What is the remainder when i is divided by y?
1
Let a = 4 + -1. What is the remainder when 153/21 - 4/14 is divided by a?
1
Let a = 45 - 35. Suppose 5*g + 1 = w, -4*w + 3*g = -6*w + 15. What is the remainder when a is divided by 38/w + (-3)/9?
4
Let d(s) = -s**3 + 9*s**2 - 9*s + 12. What is the remainder when d(8) is divided by 3?
1
Let p(j) be the third derivative of j**6/120 + j**5/60 + j**4/24 - j**3/6 - 7*j**2. Calculate the remainder when p(2) is divided by 3.
1
What is the remainder when 79 is divided by (-41)/(-4 + -1 + 4)?
38
Let c = -4 + 8. Suppose -4*l + 218 = 46. Calculate the remainder when l/4 + (-2)/(-8) is divided by c.
3
Let z = 61 - 30. Suppose z = 3*s - 4*a + 2*a, -5*a + 35 = 5*s. What is the remainder when 25 is divided by s?
7
Suppose 2*c + 6 = 3*t - 2*c, 0 = -t + 3*c + 2. Let g(k) = k**3 + 4*k**2 - 6*k + 2. Suppose 2*w + 11 = 1. What is the remainder when g(w) is divided by t?
1
Let x = -13 - -21. Let c(t) = t**2 - 2*t + 11. Calculate the remainder when c(x) is divided by 730/50 + 2/5.
14
Suppose -2*r + 76 = -4*x, -3*x + x = 4*r - 102. Calculate the remainder when r is divided by 8.
4
Let l = -61 - -210. Calculate the remainder when l is divided by 38.
35
Let x(i) = 5*i + 2. Let w = 5 + -4. What is the remainder when 49 - (w + 1 + -1) is divided by x(3)?
14
Suppose -9*z - 408 = -13*z. Calculate the remainder when z is divided by 53.
49
Calculate the remainder when -21*(-2)/4*2 is divided by 8.
5
Let x(t) = -t**3 + 4*t**2 + t + 4. Let g(l) = 4*l - 1. Calculate t